{"id":16285,"date":"2014-06-16T11:10:04","date_gmt":"2014-06-16T11:10:04","guid":{"rendered":"https:\/\/the7.io\/main\/?page_id=16285"},"modified":"2023-10-05T19:21:48","modified_gmt":"2023-10-05T17:21:48","slug":"team","status":"publish","type":"page","link":"https:\/\/www.sailforce.one\/?page_id=16285","title":{"rendered":"Crew"},"content":{"rendered":"<div class=\"wpb-content-wrapper\"><p>[vc_row css=&#8220;.vc_custom_1573386006934{padding-top: 50px !important;padding-bottom: 50px !important;}&#8220;][vc_column]<style type=\"text\/css\" data-type=\"the7_shortcodes-inline-css\">.dt-team-shortcode.team-masonry-shortcode-id-85f447237604d47d5efdf4a2c13c8d29 .team-desc {\n  padding: 30px 30px 30px 30px;\n}\n.dt-team-shortcode.team-masonry-shortcode-id-85f447237604d47d5efdf4a2c13c8d29 .team-author-name,\n.dt-team-shortcode.team-masonry-shortcode-id-85f447237604d47d5efdf4a2c13c8d29 .team-author-name a {\n  margin-bottom: 0px;\n  font-weight: bold;\n}\n.dt-team-shortcode.team-masonry-shortcode-id-85f447237604d47d5efdf4a2c13c8d29 .team-author p {\n  margin-bottom: 8px;\n  font-weight: bold;\n}\n.dt-team-shortcode.team-masonry-shortcode-id-85f447237604d47d5efdf4a2c13c8d29  .team-media {\n  padding: 30px 30px 0px 30px;\n}\n.dt-team-shortcode.team-masonry-shortcode-id-85f447237604d47d5efdf4a2c13c8d29  .team-media a,\n.dt-team-shortcode.team-masonry-shortcode-id-85f447237604d47d5efdf4a2c13c8d29  .team-media > span,\n.dt-team-shortcode.team-masonry-shortcode-id-85f447237604d47d5efdf4a2c13c8d29  .team-media img {\n  max-width: 200px;\n}\n.dt-team-shortcode.team-masonry-shortcode-id-85f447237604d47d5efdf4a2c13c8d29 .dt-css-grid .team-media img {\n  width: 200px;\n  max-width: 100%;\n}\n.dt-team-shortcode.team-masonry-shortcode-id-85f447237604d47d5efdf4a2c13c8d29 .team-content {\n  margin-bottom: 5px;\n}\n.dt-team-shortcode.team-masonry-shortcode-id-85f447237604d47d5efdf4a2c13c8d29  .team-media,\n.dt-team-shortcode.team-masonry-shortcode-id-85f447237604d47d5efdf4a2c13c8d29  .team-media a.rollover,\n.dt-team-shortcode.team-masonry-shortcode-id-85f447237604d47d5efdf4a2c13c8d29  .team-media a.rollover *,\n.dt-team-shortcode.team-masonry-shortcode-id-85f447237604d47d5efdf4a2c13c8d29  .team-media img {\n  border-radius: 500px;\n}\n.dt-team-shortcode.team-masonry-shortcode-id-85f447237604d47d5efdf4a2c13c8d29 .soc-ico {\n  margin-bottom: 15px;\n}\n.dt-team-shortcode.team-masonry-shortcode-id-85f447237604d47d5efdf4a2c13c8d29 .soc-ico a {\n  min-width: 28px;\n  min-height: 28px;\n  font-size: 16px;\n  border-radius: 100px;\n}\n.dt-team-shortcode.team-masonry-shortcode-id-85f447237604d47d5efdf4a2c13c8d29 .soc-ico a:not(:last-child) {\n  margin-right: 6px;\n}\n.dt-team-shortcode.team-masonry-shortcode-id-85f447237604d47d5efdf4a2c13c8d29 .soc-ico a:before,\n.dt-team-shortcode.team-masonry-shortcode-id-85f447237604d47d5efdf4a2c13c8d29 .soc-ico a:after {\n  min-width: 28px;\n  min-height: 28px;\n  padding: inherit;\n}\n.dt-icon-border-on.dt-team-shortcode.team-masonry-shortcode-id-85f447237604d47d5efdf4a2c13c8d29 .soc-ico a:before {\n  border: 0px solid transparent;\n}\n#main .dt-icon-bg-on.dt-team-shortcode.team-masonry-shortcode-id-85f447237604d47d5efdf4a2c13c8d29 .soc-ico a:before {\n  background: rgba(0,0,0,0.07);\n  -webkit-box-shadow: none;\n  box-shadow: none;\n}\n.dt-team-shortcode.team-masonry-shortcode-id-85f447237604d47d5efdf4a2c13c8d29 .soc-ico a:hover {\n  font-size: 16px;\n}\n#page .dt-team-shortcode.team-masonry-shortcode-id-85f447237604d47d5efdf4a2c13c8d29 .soc-ico a:hover .soc-font-icon {\n  color: #ffffff;\n  background: none;\n}\n.dt-icon-border-hover-on.dt-team-shortcode.team-masonry-shortcode-id-85f447237604d47d5efdf4a2c13c8d29 .soc-ico a:after {\n  border: 0px solid transparent;\n}\n#page .dt-team-shortcode.team-masonry-shortcode-id-85f447237604d47d5efdf4a2c13c8d29 .soc-ico a:not(:hover) .soc-font-icon {\n  color: rgba(0,0,0,0.3);\n  background: none;\n}\n.dt-team-shortcode.team-masonry-shortcode-id-85f447237604d47d5efdf4a2c13c8d29 .soc-ico a .soc-font-icon {\n  font-size: 16px;\n}\n.dt-team-shortcode.team-masonry-shortcode-id-85f447237604d47d5efdf4a2c13c8d29 .filter-bg-decoration .filter-categories a.act {\n  color: #fff;\n}\n.dt-team-shortcode.team-masonry-shortcode-id-85f447237604d47d5efdf4a2c13c8d29:not(.resize-by-browser-width) .dt-css-grid {\n  grid-row-gap: 20px;\n  grid-column-gap: 20px;\n  grid-template-columns: repeat(auto-fill,minmax(,1fr));\n}\n.cssgridlegacy.no-cssgrid .dt-team-shortcode.team-masonry-shortcode-id-85f447237604d47d5efdf4a2c13c8d29:not(.resize-by-browser-width) .dt-css-grid,\n.no-cssgridlegacy.no-cssgrid .dt-team-shortcode.team-masonry-shortcode-id-85f447237604d47d5efdf4a2c13c8d29:not(.resize-by-browser-width) .dt-css-grid {\n  display: flex;\n  flex-flow: row wrap;\n  margin: -10px;\n}\n.cssgridlegacy.no-cssgrid .dt-team-shortcode.team-masonry-shortcode-id-85f447237604d47d5efdf4a2c13c8d29:not(.resize-by-browser-width) .dt-css-grid .wf-cell,\n.no-cssgridlegacy.no-cssgrid .dt-team-shortcode.team-masonry-shortcode-id-85f447237604d47d5efdf4a2c13c8d29:not(.resize-by-browser-width) .dt-css-grid .wf-cell {\n  flex: 1 0 ;\n  max-width: 100%;\n  padding: 10px;\n  box-sizing: border-box;\n}\n.dt-team-shortcode.team-masonry-shortcode-id-85f447237604d47d5efdf4a2c13c8d29.resize-by-browser-width .dt-css-grid {\n  grid-template-columns: repeat(3,1fr);\n  grid-template-rows: auto;\n  grid-column-gap: 20px;\n  grid-row-gap: 20px;\n}\n.cssgridlegacy.no-cssgrid .dt-team-shortcode.team-masonry-shortcode-id-85f447237604d47d5efdf4a2c13c8d29.resize-by-browser-width .dt-css-grid,\n.no-cssgridlegacy.no-cssgrid .dt-team-shortcode.team-masonry-shortcode-id-85f447237604d47d5efdf4a2c13c8d29.resize-by-browser-width .dt-css-grid {\n  margin: -10px;\n}\n.cssgridlegacy.no-cssgrid .dt-team-shortcode.team-masonry-shortcode-id-85f447237604d47d5efdf4a2c13c8d29.resize-by-browser-width .dt-css-grid .wf-cell,\n.no-cssgridlegacy.no-cssgrid .dt-team-shortcode.team-masonry-shortcode-id-85f447237604d47d5efdf4a2c13c8d29.resize-by-browser-width .dt-css-grid .wf-cell {\n  width: 33.333333333333%;\n  padding: 10px;\n}\n@media screen and (max-width: 1199px) {\n  .dt-team-shortcode.team-masonry-shortcode-id-85f447237604d47d5efdf4a2c13c8d29.resize-by-browser-width .dt-css-grid {\n    grid-template-columns: repeat(3,1fr);\n  }\n  .cssgridlegacy.no-cssgrid .dt-team-shortcode.team-masonry-shortcode-id-85f447237604d47d5efdf4a2c13c8d29.resize-by-browser-width .dt-css-grid .wf-cell,\n  .no-cssgridlegacy.no-cssgrid .dt-team-shortcode.team-masonry-shortcode-id-85f447237604d47d5efdf4a2c13c8d29.resize-by-browser-width .dt-css-grid .wf-cell {\n    width: 33.333333333333%;\n  }\n}\n@media screen and (max-width: 991px) {\n  .dt-team-shortcode.team-masonry-shortcode-id-85f447237604d47d5efdf4a2c13c8d29.resize-by-browser-width .dt-css-grid {\n    grid-template-columns: repeat(2,1fr);\n  }\n  .cssgridlegacy.no-cssgrid .dt-team-shortcode.team-masonry-shortcode-id-85f447237604d47d5efdf4a2c13c8d29.resize-by-browser-width .dt-css-grid .wf-cell,\n  .no-cssgridlegacy.no-cssgrid .dt-team-shortcode.team-masonry-shortcode-id-85f447237604d47d5efdf4a2c13c8d29.resize-by-browser-width .dt-css-grid .wf-cell {\n    width: 50%;\n  }\n}\n@media screen and (max-width: 767px) {\n  .dt-team-shortcode.team-masonry-shortcode-id-85f447237604d47d5efdf4a2c13c8d29.resize-by-browser-width .dt-css-grid {\n    grid-template-columns: repeat(1,1fr);\n  }\n  .cssgridlegacy.no-cssgrid .dt-team-shortcode.team-masonry-shortcode-id-85f447237604d47d5efdf4a2c13c8d29.resize-by-browser-width .dt-css-grid .wf-cell,\n  .no-cssgridlegacy.no-cssgrid .dt-team-shortcode.team-masonry-shortcode-id-85f447237604d47d5efdf4a2c13c8d29.resize-by-browser-width .dt-css-grid .wf-cell {\n    width: 100%;\n  }\n}\n<\/style><div class=\"dt-team-masonry-shortcode dt-team-shortcode team-masonry-shortcode-id-85f447237604d47d5efdf4a2c13c8d29 loading-effect-fade-in mode-grid jquery-filter content-align-center content-bg-on dt-css-grid-wrap scale-img dt-css-grid-wrap disable-bg-rollover dt-icon-bg-on dt-icon-border-on dt-icon-hover-bg-on dt-icon-border-hover-on move-icons-under-position resize-by-browser-width  \" data-padding=\"10px\" data-cur-page=\"1\" data-post-limit=\"6\" data-pagination-mode=\"pages\" data-desktop-columns-num=\"3\" data-v-tablet-columns-num=\"2\" data-h-tablet-columns-num=\"3\" data-phone-columns-num=\"1\" data-width=\"0px\" data-columns=\"0\"><div class=\"iso-filter extras-off filter\"><div class=\"filter-categories\" data-default-order=\"desc\" data-default-orderby=\"date\"><a href=\"https:\/\/www.sailforce.one\/?page_id=16285\" class=\"show-all act\" data-filter=\"*\">Alle anzeigen<\/a><a href=\"https:\/\/www.sailforce.one\/?page_id=16285&#038;term=512\" class=\"designers\" data-filter=\".category-512\">Designers<\/a><a href=\"https:\/\/www.sailforce.one\/?page_id=16285&#038;term=510\" class=\"managers\" data-filter=\".category-510\">Managers<\/a><a href=\"https:\/\/www.sailforce.one\/?page_id=16285&#038;term=511\" class=\"programmers\" data-filter=\".category-511\">Programmers<\/a><a href=\"https:\/\/www.sailforce.one\/?page_id=16285&#038;term=518\" class=\"sbf-see-binnen\" data-filter=\".category-518\">SBF See \/ Binnen<\/a><\/div><\/div><div class=\"dt-css-grid\" ><div class=\"visible wf-cell category-518\" data-post-id=\"57283\" data-date=\"2023-10-05T15:57:33+02:00\" data-name=\"Kai M\u00fcller\"><div class=\"team-container visible post post-57283 dt_team type-dt_team status-publish has-post-thumbnail hentry dt_team_category-sbf-see-binnen dt_team_category-518\"><div class=\"team-media\"><a href=\"https:\/\/www.sailforce.one\/?dt_team=kai-mueller-2\" class=\"rollover layzr-bg\"><img fetchpriority=\"high\" decoding=\"async\" class=\"preload-me iso-lazy-load aspect\" src=\"data:image\/svg+xml,%3Csvg%20xmlns%3D&#39;http%3A%2F%2Fwww.w3.org%2F2000%2Fsvg&#39;%20viewBox%3D&#39;0%200%20342%20342&#39;%2F%3E\" data-src=\"https:\/\/www.sailforce.one\/wp-content\/uploads\/2023\/10\/Kai_Lemmer-e1696518476994-342x342.png\" data-srcset=\"https:\/\/www.sailforce.one\/wp-content\/uploads\/2023\/10\/Kai_Lemmer-e1696518476994-342x342.png 342w\" loading=\"eager\" style=\"--ratio: 342 \/ 342\" sizes=\"(max-width: 342px) 100vw, 342px\" width=\"342\" height=\"342\"  title=\"Kai_Lemmer\" alt=\"\" \/><\/a><\/div><div class=\"team-desc\"><div class=\"team-author\"><div class=\"team-author-name\"><a href=\"https:\/\/www.sailforce.one\/?dt_team=kai-mueller-2\">Kai M\u00fcller<\/a><\/div><p>Gr\u00fcnder von SAIL FORCE ONE<\/p><\/div><div class=\"team-content\"><p>Mit einem Boot auf dem Wasser f\u00fchle ich mich einfach wohl. Auf jedem T\u00f6rn erf\u00e4hrt man neue Dinge. Dazu lerne ich bei allen Reisen immer mehr \u00fcber die kulinarischen Grundlagen in den einzelnen Segelgebieten.<\/p>\n<\/div><div class=\"soc-ico\"><a title=\"E-mail\" href=\"mailto:kai.mueller@sailforce.one\" target=\"_top\" class=\"mail\"><span class=\"soc-font-icon\"><\/span><span class=\"screen-reader-text\">E-mail<\/span><\/a><\/div>\n<a href=\"https:\/\/www.sailforce.one\/?dt_team=kai-mueller-2\" class=\"dt-btn-s dt-btn post-details details-type-btn\" aria-label=\"Read more about Kai M\u00fcller\">Mehr<i class=\"dt-icon-the7-arrow-03\" aria-hidden=\"true\"><\/i><\/a>\n<\/div><\/div><\/div><div class=\"visible wf-cell category-511\" data-post-id=\"161\" data-date=\"2017-02-25T13:03:21+01:00\" data-name=\"Leonardo Black\"><div class=\"team-container visible post post-161 dt_team type-dt_team status-publish has-post-thumbnail hentry dt_team_category-programmers dt_team_category-511\"><div class=\"team-media\"><a href=\"https:\/\/www.sailforce.one\/?dt_team=leonardo-black\" class=\"rollover layzr-bg\"><img decoding=\"async\" class=\"preload-me iso-lazy-load aspect\" src=\"data:image\/svg+xml,%3Csvg%20xmlns%3D&#39;http%3A%2F%2Fwww.w3.org%2F2000%2Fsvg&#39;%20viewBox%3D&#39;0%200%201000%201000&#39;%2F%3E\" data-src=\"https:\/\/www.sailforce.one\/wp-content\/uploads\/2017\/02\/7-opr-005.jpg\" data-srcset=\"https:\/\/www.sailforce.one\/wp-content\/uploads\/2017\/02\/7-opr-005.jpg 1000w\" loading=\"eager\" style=\"--ratio: 1000 \/ 1000\" sizes=\"(max-width: 1000px) 100vw, 1000px\" width=\"1000\" height=\"1000\"   alt=\"\" \/><\/a><\/div><div class=\"team-desc\"><div class=\"team-author\"><div class=\"team-author-name\"><a href=\"https:\/\/www.sailforce.one\/?dt_team=leonardo-black\">Leonardo Black<\/a><\/div><p>programmer<\/p><\/div><div class=\"team-content\"><p>Hendre ritnisl libero ante ut fringilla purus eros quis liquam estionosa semper.<\/p>\n<\/div><div class=\"soc-ico\"><a title=\"Pers\u00f6nlicher Blog \/ Webseite\" href=\"http:\/\/themeforest.net\/user\/Dream-Theme\" target=\"_blank\" class=\"website\"><span class=\"soc-font-icon\"><\/span><span class=\"screen-reader-text\">Pers\u00f6nlicher Blog \/ Webseite<\/span><\/a><a title=\"E-mail\" href=\"mailto:test@test.com\" target=\"_top\" class=\"mail\"><span class=\"soc-font-icon\"><\/span><span class=\"screen-reader-text\">E-mail<\/span><\/a><a title=\"Facebook\" href=\"https:\/\/www.facebook.com\/WordPress.Premium.Theme\" target=\"_blank\" class=\"facebook\"><span class=\"soc-font-icon\"><\/span><span class=\"screen-reader-text\">Facebook<\/span><\/a><a title=\"Twitter\" href=\"https:\/\/twitter.com\/premium_theme\" target=\"_blank\" class=\"twitter\"><span class=\"soc-font-icon\"><\/span><span class=\"screen-reader-text\">Twitter<\/span><\/a><a title=\"Dribbble\" href=\"http:\/\/dribbble.com\/dream-theme\" target=\"_blank\" class=\"dribbble\"><span class=\"soc-font-icon\"><\/span><span class=\"screen-reader-text\">Dribbble<\/span><\/a><\/div>\n<a href=\"https:\/\/www.sailforce.one\/?dt_team=leonardo-black\" class=\"dt-btn-s dt-btn post-details details-type-btn\" aria-label=\"Read more about Leonardo Black\">Mehr<i class=\"dt-icon-the7-arrow-03\" aria-hidden=\"true\"><\/i><\/a>\n<\/div><\/div><\/div><div class=\"visible wf-cell category-512\" data-post-id=\"51161\" data-date=\"2015-12-23T11:57:57+01:00\" data-name=\"Tiffany Blackwood\"><div class=\"team-container visible post post-51161 dt_team type-dt_team status-publish has-post-thumbnail hentry dt_team_category-designers dt_team_category-512\"><div class=\"team-media\"><a href=\"https:\/\/www.sailforce.one\/?dt_team=tiffany-blackwood\" class=\"rollover layzr-bg\"><img decoding=\"async\" class=\"preload-me iso-lazy-load aspect\" src=\"data:image\/svg+xml,%3Csvg%20xmlns%3D&#39;http%3A%2F%2Fwww.w3.org%2F2000%2Fsvg&#39;%20viewBox%3D&#39;0%200%201000%201000&#39;%2F%3E\" data-src=\"https:\/\/www.sailforce.one\/wp-content\/uploads\/2015\/12\/7-opr-023.jpg\" data-srcset=\"https:\/\/www.sailforce.one\/wp-content\/uploads\/2015\/12\/7-opr-023.jpg 1000w\" loading=\"eager\" style=\"--ratio: 1000 \/ 1000\" sizes=\"(max-width: 1000px) 100vw, 1000px\" width=\"1000\" height=\"1000\"   alt=\"\" \/><\/a><\/div><div class=\"team-desc\"><div class=\"team-author\"><div class=\"team-author-name\"><a href=\"https:\/\/www.sailforce.one\/?dt_team=tiffany-blackwood\">Tiffany Blackwood<\/a><\/div><p>digital artist<\/p><\/div><div class=\"team-content\"><p>Etiam scelerisque iaculis felis, eu sollicitudin arcu hendrerit vitae. Aliquam eget dapibus nulla. In nulla enim, fermentum nec placerat hendrerit!<\/p>\n<\/div><div class=\"soc-ico\"><a title=\"YouTube\" href=\"http:\/\/www.youtube.com\" target=\"_blank\" class=\"you-tube\"><span class=\"soc-font-icon\"><\/span><span class=\"screen-reader-text\">YouTube<\/span><\/a><a title=\"Linkedin\" href=\"https:\/\/www.linkedin.com\" target=\"_blank\" class=\"linkedin\"><span class=\"soc-font-icon\"><\/span><span class=\"screen-reader-text\">Linkedin<\/span><\/a><a title=\"Instagram\" href=\"http:\/\/instagram.com\/dream_theme_photo\" target=\"_blank\" class=\"instagram\"><span class=\"soc-font-icon\"><\/span><span class=\"screen-reader-text\">Instagram<\/span><\/a><\/div>\n<a href=\"https:\/\/www.sailforce.one\/?dt_team=tiffany-blackwood\" class=\"dt-btn-s dt-btn post-details details-type-btn\" aria-label=\"Read more about Tiffany Blackwood\">Mehr<i class=\"dt-icon-the7-arrow-03\" aria-hidden=\"true\"><\/i><\/a>\n<\/div><\/div><\/div><div class=\"visible wf-cell category-510\" data-post-id=\"51100\" data-date=\"2015-10-16T09:55:24+02:00\" data-name=\"John Green\"><div class=\"team-container visible post post-51100 dt_team type-dt_team status-publish has-post-thumbnail hentry dt_team_category-managers dt_team_category-510\"><div class=\"team-media\"><a href=\"https:\/\/www.sailforce.one\/?dt_team=john-green\" class=\"rollover layzr-bg\"><img decoding=\"async\" class=\"preload-me iso-lazy-load aspect\" src=\"data:image\/svg+xml,%3Csvg%20xmlns%3D&#39;http%3A%2F%2Fwww.w3.org%2F2000%2Fsvg&#39;%20viewBox%3D&#39;0%200%201000%201000&#39;%2F%3E\" data-src=\"https:\/\/www.sailforce.one\/wp-content\/uploads\/2015\/10\/7-opr-030.jpg\" data-srcset=\"https:\/\/www.sailforce.one\/wp-content\/uploads\/2015\/10\/7-opr-030.jpg 1000w\" loading=\"eager\" style=\"--ratio: 1000 \/ 1000\" sizes=\"(max-width: 1000px) 100vw, 1000px\" width=\"1000\" height=\"1000\"   alt=\"\" \/><\/a><\/div><div class=\"team-desc\"><div class=\"team-author\"><div class=\"team-author-name\"><a href=\"https:\/\/www.sailforce.one\/?dt_team=john-green\">John Green<\/a><\/div><p>office manager<\/p><\/div><div class=\"team-content\"><p>Etiam dui libero, tempor quis congue in, interdum eget tortor. Vivamus aliquam dictum lacus quis tincidunt.<\/p>\n<\/div><div class=\"soc-ico\"><a title=\"E-mail\" href=\"mailto:hello@dream-theme.com\" target=\"_top\" class=\"mail\"><span class=\"soc-font-icon\"><\/span><span class=\"screen-reader-text\">E-mail<\/span><\/a><a title=\"Facebook\" href=\"https:\/\/www.facebook.com\/WordPress.Premium.Theme\/\" target=\"_blank\" class=\"facebook\"><span class=\"soc-font-icon\"><\/span><span class=\"screen-reader-text\">Facebook<\/span><\/a><\/div>\n<a href=\"https:\/\/www.sailforce.one\/?dt_team=john-green\" class=\"dt-btn-s dt-btn post-details details-type-btn\" aria-label=\"Read more about John Green\">Mehr<i class=\"dt-icon-the7-arrow-03\" aria-hidden=\"true\"><\/i><\/a>\n<\/div><\/div><\/div><\/div><!-- iso-container|iso-grid --><div class=\"paginator\" role=\"navigation\"><\/div><\/div>[\/vc_column][\/vc_row]<\/p>\n<\/div>","protected":false},"excerpt":{"rendered":"<p>[vc_row css=&#8220;.vc_custom_1573386006934{padding-top: 50px !important;padding-bottom: 50px !important;}&#8220;][vc_column][\/vc_column][\/vc_row]<\/p>\n","protected":false},"author":1,"featured_media":0,"parent":0,"menu_order":50,"comment_status":"closed","ping_status":"closed","template":"","meta":{"wprm-recipe-roundup-name":"","wprm-recipe-roundup-description":"","footnotes":""},"class_list":["post-16285","page","type-page","status-publish","hentry","description-off"],"_links":{"self":[{"href":"https:\/\/www.sailforce.one\/index.php?rest_route=\/wp\/v2\/pages\/16285","targetHints":{"allow":["GET"]}}],"collection":[{"href":"https:\/\/www.sailforce.one\/index.php?rest_route=\/wp\/v2\/pages"}],"about":[{"href":"https:\/\/www.sailforce.one\/index.php?rest_route=\/wp\/v2\/types\/page"}],"author":[{"embeddable":true,"href":"https:\/\/www.sailforce.one\/index.php?rest_route=\/wp\/v2\/users\/1"}],"replies":[{"embeddable":true,"href":"https:\/\/www.sailforce.one\/index.php?rest_route=%2Fwp%2Fv2%2Fcomments&post=16285"}],"version-history":[{"count":4,"href":"https:\/\/www.sailforce.one\/index.php?rest_route=\/wp\/v2\/pages\/16285\/revisions"}],"predecessor-version":[{"id":57316,"href":"https:\/\/www.sailforce.one\/index.php?rest_route=\/wp\/v2\/pages\/16285\/revisions\/57316"}],"wp:attachment":[{"href":"https:\/\/www.sailforce.one\/index.php?rest_route=%2Fwp%2Fv2%2Fmedia&parent=16285"}],"curies":[{"name":"wp","href":"https:\/\/api.w.org\/{rel}","templated":true}]}}